{"id":36,"date":"2019-03-13T12:24:56","date_gmt":"2019-03-13T12:24:56","guid":{"rendered":"http:\/\/192.168.0.196\/hotelskovpavillionen\/?page_id=36"},"modified":"2024-06-27T12:10:16","modified_gmt":"2024-06-27T10:10:16","slug":"galleri","status":"publish","type":"page","link":"https:\/\/dkhostel.dk\/?page_id=36","title":{"rendered":"GALLERI"},"content":{"rendered":"","protected":false},"excerpt":{"rendered":"","protected":false},"author":1,"featured_media":0,"parent":0,"menu_order":0,"comment_status":"closed","ping_status":"closed","template":"page-template\/tpl_gallery.php","meta":{"footnotes":""},"class_list":["post-36","page","type-page","status-publish","hentry"],"yoast_head":"<!-- This site is optimized with the Yoast SEO plugin v19.13 - https:\/\/yoast.com\/wordpress\/plugins\/seo\/ -->\n<title>GALLERI - Danhostel Kerteminde<\/title>\n<meta name=\"description\" content=\"Hyggelig stemning, l\u00e6kker mad, gode v\u00e6relser, smuk natur - ja blot et par af de f\u00e5 ting Danhostel Kerteminde kan tilbyde. Hold din ferie her!\" \/>\n<meta name=\"robots\" content=\"index, follow, max-snippet:-1, max-image-preview:large, max-video-preview:-1\" \/>\n<link rel=\"canonical\" href=\"https:\/\/dkhostel.dk\/?page_id=36\" \/>\n<meta property=\"og:locale\" content=\"da_DK\" \/>\n<meta property=\"og:type\" content=\"article\" \/>\n<meta property=\"og:title\" content=\"GALLERI - Danhostel Kerteminde\" \/>\n<meta property=\"og:description\" content=\"Hyggelig stemning, l\u00e6kker mad, gode v\u00e6relser, smuk natur - ja blot et par af de f\u00e5 ting Danhostel Kerteminde kan tilbyde. Hold din ferie her!\" \/>\n<meta property=\"og:url\" content=\"https:\/\/dkhostel.dk\/?page_id=36\" \/>\n<meta property=\"og:site_name\" content=\"Danhostel Kerteminde\" \/>\n<meta property=\"article:publisher\" content=\"https:\/\/da-dk.facebook.com\/danhostelkerteminde\/\" \/>\n<meta property=\"article:modified_time\" content=\"2024-06-27T10:10:16+00:00\" \/>\n<meta name=\"twitter:card\" content=\"summary_large_image\" \/>\n<script type=\"application\/ld+json\" class=\"yoast-schema-graph\">{\"@context\":\"https:\/\/schema.org\",\"@graph\":[{\"@type\":\"WebPage\",\"@id\":\"https:\/\/dkhostel.dk\/?page_id=36\",\"url\":\"https:\/\/dkhostel.dk\/?page_id=36\",\"name\":\"GALLERI - Danhostel Kerteminde\",\"isPartOf\":{\"@id\":\"https:\/\/dkhostel.dk\/#website\"},\"datePublished\":\"2019-03-13T12:24:56+00:00\",\"dateModified\":\"2024-06-27T10:10:16+00:00\",\"description\":\"Hyggelig stemning, l\u00e6kker mad, gode v\u00e6relser, smuk natur - ja blot et par af de f\u00e5 ting Danhostel Kerteminde kan tilbyde. Hold din ferie her!\",\"breadcrumb\":{\"@id\":\"https:\/\/dkhostel.dk\/?page_id=36#breadcrumb\"},\"inLanguage\":\"da-DK\",\"potentialAction\":[{\"@type\":\"ReadAction\",\"target\":[\"https:\/\/dkhostel.dk\/?page_id=36\"]}]},{\"@type\":\"BreadcrumbList\",\"@id\":\"https:\/\/dkhostel.dk\/?page_id=36#breadcrumb\",\"itemListElement\":[{\"@type\":\"ListItem\",\"position\":1,\"name\":\"Home\",\"item\":\"https:\/\/dkhostel.dk\/\"},{\"@type\":\"ListItem\",\"position\":2,\"name\":\"GALLERI\"}]},{\"@type\":\"WebSite\",\"@id\":\"https:\/\/dkhostel.dk\/#website\",\"url\":\"https:\/\/dkhostel.dk\/\",\"name\":\"Hotel Skovpavillionen\",\"description\":\"OVERNATNING I SK\u00d8NNE OMGIVELSER\",\"potentialAction\":[{\"@type\":\"SearchAction\",\"target\":{\"@type\":\"EntryPoint\",\"urlTemplate\":\"https:\/\/dkhostel.dk\/?s={search_term_string}\"},\"query-input\":\"required name=search_term_string\"}],\"inLanguage\":\"da-DK\"}]}<\/script>\n<!-- \/ Yoast SEO plugin. -->","yoast_head_json":{"title":"GALLERI - Danhostel Kerteminde","description":"Hyggelig stemning, l\u00e6kker mad, gode v\u00e6relser, smuk natur - ja blot et par af de f\u00e5 ting Danhostel Kerteminde kan tilbyde. Hold din ferie her!","robots":{"index":"index","follow":"follow","max-snippet":"max-snippet:-1","max-image-preview":"max-image-preview:large","max-video-preview":"max-video-preview:-1"},"canonical":"https:\/\/dkhostel.dk\/?page_id=36","og_locale":"da_DK","og_type":"article","og_title":"GALLERI - Danhostel Kerteminde","og_description":"Hyggelig stemning, l\u00e6kker mad, gode v\u00e6relser, smuk natur - ja blot et par af de f\u00e5 ting Danhostel Kerteminde kan tilbyde. Hold din ferie her!","og_url":"https:\/\/dkhostel.dk\/?page_id=36","og_site_name":"Danhostel Kerteminde","article_publisher":"https:\/\/da-dk.facebook.com\/danhostelkerteminde\/","article_modified_time":"2024-06-27T10:10:16+00:00","twitter_card":"summary_large_image","schema":{"@context":"https:\/\/schema.org","@graph":[{"@type":"WebPage","@id":"https:\/\/dkhostel.dk\/?page_id=36","url":"https:\/\/dkhostel.dk\/?page_id=36","name":"GALLERI - Danhostel Kerteminde","isPartOf":{"@id":"https:\/\/dkhostel.dk\/#website"},"datePublished":"2019-03-13T12:24:56+00:00","dateModified":"2024-06-27T10:10:16+00:00","description":"Hyggelig stemning, l\u00e6kker mad, gode v\u00e6relser, smuk natur - ja blot et par af de f\u00e5 ting Danhostel Kerteminde kan tilbyde. Hold din ferie her!","breadcrumb":{"@id":"https:\/\/dkhostel.dk\/?page_id=36#breadcrumb"},"inLanguage":"da-DK","potentialAction":[{"@type":"ReadAction","target":["https:\/\/dkhostel.dk\/?page_id=36"]}]},{"@type":"BreadcrumbList","@id":"https:\/\/dkhostel.dk\/?page_id=36#breadcrumb","itemListElement":[{"@type":"ListItem","position":1,"name":"Home","item":"https:\/\/dkhostel.dk\/"},{"@type":"ListItem","position":2,"name":"GALLERI"}]},{"@type":"WebSite","@id":"https:\/\/dkhostel.dk\/#website","url":"https:\/\/dkhostel.dk\/","name":"Hotel Skovpavillionen","description":"OVERNATNING I SK\u00d8NNE OMGIVELSER","potentialAction":[{"@type":"SearchAction","target":{"@type":"EntryPoint","urlTemplate":"https:\/\/dkhostel.dk\/?s={search_term_string}"},"query-input":"required name=search_term_string"}],"inLanguage":"da-DK"}]}},"_links":{"self":[{"href":"https:\/\/dkhostel.dk\/index.php?rest_route=\/wp\/v2\/pages\/36","targetHints":{"allow":["GET"]}}],"collection":[{"href":"https:\/\/dkhostel.dk\/index.php?rest_route=\/wp\/v2\/pages"}],"about":[{"href":"https:\/\/dkhostel.dk\/index.php?rest_route=\/wp\/v2\/types\/page"}],"author":[{"embeddable":true,"href":"https:\/\/dkhostel.dk\/index.php?rest_route=\/wp\/v2\/users\/1"}],"replies":[{"embeddable":true,"href":"https:\/\/dkhostel.dk\/index.php?rest_route=%2Fwp%2Fv2%2Fcomments&post=36"}],"version-history":[{"count":40,"href":"https:\/\/dkhostel.dk\/index.php?rest_route=\/wp\/v2\/pages\/36\/revisions"}],"predecessor-version":[{"id":1810,"href":"https:\/\/dkhostel.dk\/index.php?rest_route=\/wp\/v2\/pages\/36\/revisions\/1810"}],"wp:attachment":[{"href":"https:\/\/dkhostel.dk\/index.php?rest_route=%2Fwp%2Fv2%2Fmedia&parent=36"}],"curies":[{"name":"wp","href":"https:\/\/api.w.org\/{rel}","templated":true}]}}